Give r(-5).
-8
Let u(a) = -18*a + 4. Let n(z) = 17*z - 3. Let i(q) = -5*n(q) - 4*u(q). Let l = -941 - -940. Determine i(l).
12
Let t(p) be the first derivative of -p**4/4 - 2*p**3 + 3*p**2 - 24*p + 5079. Calculate t(-7).
-17
Let l(r) = 3*r + 12. Let p(b) = -9*b - 35. Let v(y) = -11*l(y) - 4*p(y). Let h be v(-2). Let f(a) = h*a + a**2 + 2 + 0*a - a - 5*a. Give f(3).
-1
Suppose 8 - 296 = 27*a + 117. Let m(w) = -2*w**3 - 31*w**2 - 15*w + 18. Calculate m(a).
18
Let z(s) = -65 + 5*s**2 + 3*s**2 - 2*s**2 - 28*s + 14*s**2 - 22*s**2. What is z(-8)?
31
Let q(b) be the first derivative of -b**2 - 2*b - 20. Let i = 3650 - 3656. What is q(i)?
10
Let l(i) be the first derivative of -i**3/3 - 7*i**2 + i - 1092. Calculate l(-12).
25
Suppose -16*a + 63 = -13*a. Suppose -5*j = 2*y + 29, -3*y + a = -y - 5*j. Let i(w) be the first derivative of w**4/2 + 2*w**3/3 + w**2 + w - 36. Determine i(y).
-11
Suppose 9*u = 14 + 13. Suppose 0 = u*q + 2*q - 5*f - 695, 2*q - 4*f = 288. Suppose q*v - 137*v = 6. Let m(x) = -x**3 + x**2 - x - 2. What is m(v)?
12
Let n(b) = 4 + 3*b**3 - 3*b**3 + 6*b - 5*b**2 - b**3. Suppose 2*w + 5*y = 2*y - 9, -4*w - 15 = 5*y. Suppose -5*r = -4*v - 7 - 17, -5*r = w. Determine n(v).
4
Let j(k) = 2*k**3 + 5*k**2 + 10*k. Let f(m) = m**3 + m**2 + m. Let t be 0 + 8/2 - (-365)/(-73). Let v(u) = t*j(u) + 3*f(u). Determine v(5).
40
Suppose -63 = z + 25*a - 23*a, -2*a + 351 = -5*z. Let g(y) = y + 67. Calculate g(z).
-2
Let q(x) = -2*x + 1. Let v(p) = 13*p - 3. Let i(a) = -6*q(a) - v(a). Let s(m) = -3*m**2 - 36*m + 2. Let b be s(-12). Determine i(b).
-5
Let a(b) = 4*b - 14. Let y be a(4). Let m be 28/(-21)*(-39)/y. Let j be (-15)/20 - m/8. Let w(c) = -c**2 - 6*c - 3. Give w(j).
5
Let b(u) = 2*u + 25. Let w be 1 + (114/(-9) - -2) + 114/171. Determine b(w).
7
Let u(r) be the second derivative of 7*r**3/6 + 22*r**2 + r - 547. Determine u(-9).
-19
Let z(o) be the third derivative of -11*o**6/120 + o**5/60 + o**4/24 - o**3/6 - 345*o**2. Let k be -3 - (1/4 + (-34)/8). Determine z(k).
-10
Let b be (-26)/4 - (-6)/4. Let h(j) = -j**2 + j + 1. Let t(x) = -x**2 + 8*x - 2. Suppose 9*m = 5*m + 8. Let a(d) = m*h(d) - t(d). What is a(b)?
9
Let k(c) = -c**3 + 9*c**2 - 5*c - 5. Let l(p) = 5*p**3 + 249*p**2 - 51*p - 42. Let i be l(-50). Give k(i).
19
Let c(s) be the second derivative of 1/120*s**5 + 0*s**2 - 1/240*s**6 + 0 + 12*s + 0*s**3 + 1/2*s**4. Let m(r) be the third derivative of c(r). What is m(-1)?
4
Let l(n) = -2*n**2 - 2*n**2 - 2*n - n**2 + 2 - n**3 - 3. Let s be ((-1 - -5) + -4)/1. Suppose s = 5*u + t + 22, 2*t - 8 = 3*u. Calculate l(u).
-9
Let u(t) = 11*t**3 + 26*t**3 + 27*t**2 + 7*t - 25 - 50*t**3 - 73*t**2. Let n(x) = 3*x**3 + 11*x**2 - 2*x + 6. Let k(a) = -9*n(a) - 2*u(a). Give k(-8).
28
Let m(t) = 10*t**2 - 2*t. Let b(p) = -53*p**2 + 2*p - 12. Let f(z) = -b(z) - 5*m(z). Determine f(-6).
72
Let h(w) be the third derivative of -w**5/60 - 5*w**4/24 - 5*w**3/6 + 2*w**2. Let k(x) = 39*x - 512. Let t be k(13). Give h(t).
-5
Let y(h) = 108*h**2 + 5*h - 48 - 222*h**2 + 113*h**2 - 17*h. Give y(-7).
-13
Let m(h) = h**2 + 7*h + 2. Let j be ((4 + -4)/1)/2. Let w be 0 + 2 + j + -10. Determine m(w).
10
Let i(h) be the first derivative of -h**3/3 + h**2/2 + 4*h - 2. Let x(b) = -143*b + 17165. Let a be x(120). What is i(a)?
-16
Let l(j) = -2*j**2 - 36*j + 23. Let s(k) = -k**3 - 6*k**2 - 127*k - 957. Let v be s(-7). What is l(v)?
-15
Suppose 0 = -b - 17 - 7. Let v(k) = 3*k**2 - 183*k. Let d(q) = -4*q**2 + 261*q - 1. Let s(x) = -5*d(x) - 7*v(x). Determine s(b).
5
Let j(m) be the second derivative of -m**4/6 + 23*m**3/6 + 1451*m. What is j(12)?
-12
Let z(x) = x + 1. Let y = -8 + 46. Suppose -10*d - y = -11*d. Let s = d + -35. Calculate z(s).
4
Let y(u) = -2*u - 41*u - 21 + 35*u. Determine y(-4).
11
Let y(v) = -v**3 - 8*v**2 - 2*v - 12. Let k be 336/(-44) + (9 - 1236/132). Calculate y(k).
4
Let c(x) = -54*x**3 + 55*x**3 - 8*x + 7*x**2 + 0*x**2 + 2. Let i be c(-8). Suppose -2*u - i*u = r + 3, -2*r + 3*u + 27 = 0. Let s(k) = k + 5. Give s(r).
14
Let b(w) = 9*w + 7*w - 2*w - 5*w + 3. Let c(v) = -2*v**2 + 59*v - 318. Let h be c(7). Calculate b(h).
-24
Let k(j) = 13*j - 124. Let t = -14740 + 14749. Give k(t).
-7
Suppose 0 = 58*n + 33*n + 106*n + 15*n. Let b(y) = y**3 - 3*y + 3. Calculate b(n).
3
Let f = 103 + -69. Let t(o) = o**2 - 40 + 65 - f + 7*o. Calculate t(-7).
-9
Let y(o) = -22*o + 468. Let i = 9397 - 9376. What is y(i)?
6
Let t(u) = -u**2 - 17*u - 34. Let p = -30377 + 30362. What is t(p)?
-4
Let m(v) = 14*v + 1. Let a(b) = -3*b**3 + 91*b**2 - 28*b - 58. Let l be a(30). Give m(l).
29
Let g = 539 - 530. Let l(q) = 2*q + q**3 - 11*q - 6*q**2 - 2*q**2 - 2 + 1. Give l(g).
-1
Let j(u) = u**2 - 5*u + 4. Let r be j(5). Let f(k) = -43 - k + 23 + 18 + r*k. Let h be ((-4)/(-6))/(3/(-9)). Calculate f(h).
-8
Let u(d) = -5*d - 21. Let h(k) = 47*k + 230. Let y be h(-5). Calculate u(y).
4
Let w(i) = -i + 12. Let c be -3 + (45/3 - 0). Let o(v) = -2*v + 21. Let z be o(c). Let m be 9 - ((-2)/z)/((-3)/(-9)). What is w(m)?
5
Let m(d) = -9 - 3 - d**2 + 10*d + 1. Let o(c) = -364*c + 161. Let v be o(4). Let b = -1285 - v. Calculate m(b).
-11
Let z be (8/(-10))/(18/(-45)). Suppose -21 = z*n + x + 4*x, 2*n + 1 = -x. Let o(r) = r**n + 150 + 2*r - 153 - 3*r. Determine o(-3).
9
Let y = -245 - -190. Let i = -52 - y. Let z(k) = k**3 - 2*k**2 + k + 1. Determine z(i).
13
Let q(z) = -562*z + 554. Let i be q(1). Let b(s) = 7*s + 15. What is b(i)?
-41
Let d(p) = p**2 + 32*p + 138. Let x(h) = 11*h + 127. Let w be x(-14). Give d(w).
3
Let x(y) = -3*y**3 + 29*y**2 - 63*y + 20. Let k(u) = 13*u**3 - 116*u**2 + 252*u - 94. Let c(n) = 4*k(n) + 17*x(n). Calculate c(-31).
-5
Let h(k) = k + 33. Let i be (-5)/(-1) + -10 + -31. Calculate h(i).
-3
Let i(l) be the second derivative of -l**5/20 + 8*l**4/3 - 11*l**3/2 + 61*l**2/2 + 86*l + 9. Calculate i(31).
-1
Suppose -2*h - 14 + 10 = 0. Let d(f) = f**2 - 4*f + 1. Let w(l) = -5*l + 1. Let n(p) = 6*d(p) - 5*w(p). What is n(h)?
23
Let w(m) be the second derivative of m**4/12 + 5*m**3/3 + 11*m**2 - 20*m + 9. Determine w(-7).
1
Let k(m) = m**3 - 7*m**2 + 4*m + 7. Suppose 0 = -o - 3 - 52. Let w = o + 61. Let y be (w/4)/((-9)/(-36)). Determine k(y).
-5
Let h(r) = -2*r**2 - 106*r - 643. Let w be h(-46). Let t(j) = -28*j**3 + 2*j**2 - 3*j + 2. Give t(w).
-27
Let g(q) = -3*q + 120. Suppose 1505 = 15*u + 9*u + 19*u. Determine g(u).
15
Let a(f) = 5*f - 11*f + 78 + 101 - 182. Suppose 11 = -d - 0*d - 3*v, -5*d - 1 = -3*v. Calculate a(d).
9
Let n(w) = -w**2 + w + 7. Suppose 480*b + 152*b = -1896. Calculate n(b).
-5
Let j(z) = -z**2 - z + 2. Let y be (7 + -10 - 1)*2. Let k = 37 - 61. Let w be (-2)/y + 126/k. Determine j(w).
-18
Suppose -7*a + 20*a = -52. Let t be ((-96)/48)/(a/(-14)). Let g(z) = 3*z + 16. Determine g(t).
-5
Suppose 3*n - 35 = 2*l, 3*l + 0*n + 58 = -n. Let y(b) = -b**3 - 21*b**2 - 40*b - 31. Let r be y(l). Let d(x) = -x**3 + 6*x**2 + 9*x - 7. What is d(r)?
7
Let x(o) be the first derivative of 0*o**2 + 1/360*o**6 + 0*o**4 + 1/20*o**5 + 0*o - o**3 + 32. Let k(u) be the third derivative of x(u). Calculate k(-5).
-5
Let v(h) = 17*h + 6. Let p be ((-228)/40)/(-19)*150/15. Give v(p).
57
Let i(o) = o**2 + 16*o + 62. Let k be i(-9). Let d(x) = -x**2 - 10*x - 11. Let f be d(k). Let a(s) = 14*s + 1. Give a(f).
-27
Let w be 1 + -1 - (-3 + -1). Let c be (-10)/(-4) + 2/(1 + 3). Suppose -7*i + w*u = -6*i + c, 1 = u. Let a(f) = 6*f. Determine a(i).
6
Let d(u) be the first derivative of -3*u**2/2 - 32*u + 755. Determine d(-8).
-8
Let y(z) = -5*z**2 + 3*z - 6. Let d(g) = -6*g**2 + 2*g - 6. Let b(q) = -4*d(q) + 5*y(q). Let v(x) = -x**3 + 4*x**2 + 3*x - 5. Let h be v(4). What is b(h)?
-6
Let h(z) = -2*z**3 + 5*z**2 - 11*z + 20. Let k be h(2). Let b be 1*k/9 - (-1330)/(-315). Let p(r) = -16*r - 5. Give p(b).
59
Suppose -8*m + 7*m - 1 = 0. Let w(z) = 2*z**3 - 2*z**2 + z. Let b(d) = 3*d**3 - 3*d**2 + d. Let h(f) = -3*b(f) + 4*w(f). What is h(m)?
1
Let g(t) = -6*t**2 - t + 4. Let m(i) = 17*i**2 - 3*i - 12. Let b(c) = 3*g(c) + m(c). Let z(j) = 3*j - 6. Let a be z(5). Let d be 2/(6/a)*-2. What is b(d)?
0
Let g(n) be the second derivative of n**6/360 - n**5/120 + n**4/6 - 40*n - 2. Let z(a) be the third derivative of g(a). What is z(-1)?
-3
Let l(a) = -16*a - 188. Let c(o) = -32*o - 345. Let 